{"id":42080,"date":"2024-07-01T15:00:08","date_gmt":"2024-07-01T15:00:08","guid":{"rendered":"https:\/\/apic.cat\/?post_type=illustration&#038;p=42080"},"modified":"2024-07-01T15:00:08","modified_gmt":"2024-07-01T15:00:08","slug":"a-contra-pel-a-rebrousse-poil","status":"publish","type":"illustration","link":"https:\/\/apic.cat\/cas\/illustration\/a-contra-pel-a-rebrousse-poil\/","title":{"rendered":"A contra-p\u00e8l\/ \u00c0 rebrousse-poil"},"content":{"rendered":"<p>Per qu\u00e8 el llop ha de ser sempre el dolent de la hist\u00f2ria? Que no \u00e9s el llop el protagonista&nbsp;d&#8217;<em>Els tres porquets<\/em>&nbsp;o de&nbsp;<em>La caputxeta vermella<\/em>? Sense el llop no hi hauria hist\u00f2ria i, en canvi, el&nbsp;pobre&nbsp;<em>Canis lupus<\/em>&nbsp;no surt mai als t\u00edtols. Aquest llibre vol reivindicar els drets del llop a constar formalment com a protagonista dels contes cl\u00e0ssics. M\u00e9s enll\u00e0 encara: i si els llops dels contes es reunissin i decidissin crear un nou pa\u00eds sense caputxetes ni porquets ni cabretes?<\/p>","protected":false},"excerpt":{"rendered":"<p>Per qu\u00e8 el llop ha de ser sempre el dolent de la hist\u00f2ria? Que no \u00e9s el llop el protagonista&nbsp;d&#8217;Els tres porquets&nbsp;o de&nbsp;La caputxeta vermella? Sense el llop no hi hauria hist\u00f2ria i, en canvi, el&nbsp;pobre&nbsp;Canis lupus&nbsp;no surt mai als t\u00edtols. Aquest llibre vol reivindicar els drets del llop a constar formalment com a protagonista [&hellip;]<\/p>","protected":false},"author":413,"featured_media":0,"menu_order":0,"comment_status":"closed","ping_status":"closed","template":"","format":"standard","meta":{"_acf_changed":false,"footnotes":""},"tags":[],"genre":[],"formats":[],"publics":[],"tecniques":[],"illustration-categories":[],"class_list":["post-42080","illustration","type-illustration","status-publish","format-standard","hentry"],"acf":[],"_links":{"self":[{"href":"https:\/\/apic.cat\/cas\/wp-json\/wp\/v2\/illustration\/42080","targetHints":{"allow":["GET"]}}],"collection":[{"href":"https:\/\/apic.cat\/cas\/wp-json\/wp\/v2\/illustration"}],"about":[{"href":"https:\/\/apic.cat\/cas\/wp-json\/wp\/v2\/types\/illustration"}],"author":[{"embeddable":true,"href":"https:\/\/apic.cat\/cas\/wp-json\/wp\/v2\/users\/413"}],"replies":[{"embeddable":true,"href":"https:\/\/apic.cat\/cas\/wp-json\/wp\/v2\/comments?post=42080"}],"version-history":[{"count":1,"href":"https:\/\/apic.cat\/cas\/wp-json\/wp\/v2\/illustration\/42080\/revisions"}],"predecessor-version":[{"id":42083,"href":"https:\/\/apic.cat\/cas\/wp-json\/wp\/v2\/illustration\/42080\/revisions\/42083"}],"wp:attachment":[{"href":"https:\/\/apic.cat\/cas\/wp-json\/wp\/v2\/media?parent=42080"}],"wp:term":[{"taxonomy":"post_tag","embeddable":true,"href":"https:\/\/apic.cat\/cas\/wp-json\/wp\/v2\/tags?post=42080"},{"taxonomy":"genre","embeddable":true,"href":"https:\/\/apic.cat\/cas\/wp-json\/wp\/v2\/genre?post=42080"},{"taxonomy":"formats","embeddable":true,"href":"https:\/\/apic.cat\/cas\/wp-json\/wp\/v2\/formats?post=42080"},{"taxonomy":"publics","embeddable":true,"href":"https:\/\/apic.cat\/cas\/wp-json\/wp\/v2\/publics?post=42080"},{"taxonomy":"tecniques","embeddable":true,"href":"https:\/\/apic.cat\/cas\/wp-json\/wp\/v2\/tecniques?post=42080"},{"taxonomy":"illustration-categories","embeddable":true,"href":"https:\/\/apic.cat\/cas\/wp-json\/wp\/v2\/illustration-categories?post=42080"}],"curies":[{"name":"wp","href":"https:\/\/api.w.org\/{rel}","templated":true}]}}

A contra-pèl/ À rebrousse-poil

<p>Per què el llop ha de ser sempre el dolent de la història? Que no és el llop el protagonista&nbsp;d&#8217;<em>Els tres porquets</em>&nbsp;o de&nbsp;<em>La caputxeta vermella</em>? Sense el llop no hi hauria història i, en canvi, el&nbsp;pobre&nbsp;<em>Canis lupus</em>&nbsp;no surt mai als títols. Aquest llibre vol reivindicar els drets del llop a constar formalment com a protagonista dels contes clàssics. Més enllà encara: i si els llops dels contes es reunissin i decidissin crear un nou país sense caputxetes ni porquets ni cabretes?</p>

<p>Per què el llop ha de ser sempre el dolent de la història? Que no és el llop el protagonista&nbsp;d&#8217;Els tres porquets&nbsp;o de&nbsp;La caputxeta vermella? Sense el llop no hi hauria història i, en canvi, el&nbsp;pobre&nbsp;Canis lupus&nbsp;no surt mai als títols. Aquest llibre vol reivindicar els drets del llop a constar formalment com a protagonista [&hellip;]</p>
