{"id":27781,"date":"2023-06-02T09:51:22","date_gmt":"2023-06-02T09:51:22","guid":{"rendered":"https:\/\/apic.cat\/?post_type=new&#038;p=27781"},"modified":"2024-09-10T10:36:58","modified_gmt":"2024-09-10T10:36:58","slug":"eleccio-de-la-nova-junta-directiva-de-lapic","status":"publish","type":"new","link":"https:\/\/apic.cat\/cas\/actualitat\/eleccio-de-la-nova-junta-directiva-de-lapic\/","title":{"rendered":"Elecci\u00f3 de la nova Junta Directiva de l&#8217;APIC"},"content":{"rendered":"<p>El passat dijous 1 de juny va tenir lloc l\u2019Assemblea general de l\u2019APIC, amb l&#8217;elecci\u00f3 dels membres de la nova Junta Directiva, que tornar\u00e0 a presidir en Xavi Ramiro.<\/p>\n\n\n\n<p>Tamb\u00e9, i com a tema del dia, s&#8217;ha\u00a0parlat\u00a0sobre qu\u00e8 podem fer per defensar els nostres drets davant l&#8217;\u00fas inadequat de la intel\u00b7lig\u00e8ncia artificial, acordant emprendre una s\u00e8rie d&#8217;accions per tal de consensuar i comunicar el posicionament de l&#8217;APIC sobre aquest tema.<\/p>\n\n\n\n<p><a href=\"https:\/\/apic.cat\/cas\/apic\/#junta_i_directiva-recursos\" target=\"_blank\" rel=\"noreferrer noopener\">Consulta els membres de la nova junta de l&#8217;APIC<\/a><\/p>","protected":false},"excerpt":{"rendered":"<p>El passat dijous 1 de juny va tenir lloc l\u2019Assemblea general de l\u2019APIC, amb l&#8217;elecci\u00f3 dels membres de la nova Junta Directiva, que tornar\u00e0 a presidir en Xavi Ramiro. Tamb\u00e9, i com a tema del dia, s&#8217;ha\u00a0parlat\u00a0sobre qu\u00e8 podem fer per defensar els nostres drets davant l&#8217;\u00fas inadequat de la intel\u00b7lig\u00e8ncia artificial, acordant emprendre una [&hellip;]<\/p>","protected":false},"featured_media":27783,"menu_order":0,"comment_status":"closed","ping_status":"closed","template":"","format":"standard","meta":{"_acf_changed":false,"footnotes":""},"actualitat-categories":[891],"class_list":["post-27781","new","type-new","status-publish","format-standard","has-post-thumbnail","hentry","actualitat-categories-junta"],"acf":[],"_links":{"self":[{"href":"https:\/\/apic.cat\/cas\/wp-json\/wp\/v2\/new\/27781","targetHints":{"allow":["GET"]}}],"collection":[{"href":"https:\/\/apic.cat\/cas\/wp-json\/wp\/v2\/new"}],"about":[{"href":"https:\/\/apic.cat\/cas\/wp-json\/wp\/v2\/types\/new"}],"replies":[{"embeddable":true,"href":"https:\/\/apic.cat\/cas\/wp-json\/wp\/v2\/comments?post=27781"}],"version-history":[{"count":4,"href":"https:\/\/apic.cat\/cas\/wp-json\/wp\/v2\/new\/27781\/revisions"}],"predecessor-version":[{"id":28131,"href":"https:\/\/apic.cat\/cas\/wp-json\/wp\/v2\/new\/27781\/revisions\/28131"}],"wp:featuredmedia":[{"embeddable":true,"href":"https:\/\/apic.cat\/cas\/wp-json\/wp\/v2\/media\/27783"}],"wp:attachment":[{"href":"https:\/\/apic.cat\/cas\/wp-json\/wp\/v2\/media?parent=27781"}],"wp:term":[{"taxonomy":"actualitat-categories","embeddable":true,"href":"https:\/\/apic.cat\/cas\/wp-json\/wp\/v2\/actualitat-categories?post=27781"}],"curies":[{"name":"wp","href":"https:\/\/api.w.org\/{rel}","templated":true}]}}

Elecció de la nova Junta Directiva de l&#8217;APIC

<p>El passat dijous 1 de juny va tenir lloc l’Assemblea general de l’APIC, amb l&#8217;elecció dels membres de la nova Junta Directiva, que tornarà a presidir en Xavi Ramiro.</p>



<p>També, i com a tema del dia, s&#8217;ha parlat sobre què podem fer per defensar els nostres drets davant l&#8217;ús inadequat de la intel·ligència artificial, acordant emprendre una sèrie d&#8217;accions per tal de consensuar i comunicar el posicionament de l&#8217;APIC sobre aquest tema.</p>



<p><a href="https://apic.cat/cas/apic/#junta_i_directiva-recursos" target="_blank" rel="noreferrer noopener">Consulta els membres de la nova junta de l&#8217;APIC</a></p>

<p>El passat dijous 1 de juny va tenir lloc l’Assemblea general de l’APIC, amb l&#8217;elecció dels membres de la nova Junta Directiva, que tornarà a presidir en Xavi Ramiro. També, i com a tema del dia, s&#8217;ha parlat sobre què podem fer per defensar els nostres drets davant l&#8217;ús inadequat de la intel·ligència artificial, acordant emprendre una [&hellip;]</p>
