{"id":8983,"date":"2021-12-27T15:03:29","date_gmt":"2021-12-27T15:03:29","guid":{"rendered":"https:\/\/apic.cat\/?post_type=new&#038;p=8983"},"modified":"2024-09-10T10:44:42","modified_gmt":"2024-09-10T10:44:42","slug":"bill-festival-els-forasters-illustradors-catalans-en-el-mon","status":"publish","type":"new","link":"https:\/\/apic.cat\/cas\/actualitat\/bill-festival-els-forasters-illustradors-catalans-en-el-mon\/","title":{"rendered":"Bill Festival | Els forasters. Il\u00b7lustradors catalans en el m\u00f3n"},"content":{"rendered":"<p><strong>Bill Festival online<\/strong><br>Cicle de xerrades Bill Festival 2021<\/p>\n\n\n\n<p>El tema del Bill Festival 2021 \u00e9s el viatge i la il\u00b7lustraci\u00f3.<br>Volem oferir converses amb il\u00b7lustradors\/es perqu\u00e8 ens expliquin les seves experi\u00e8ncies en el seu context particular i que ens parlin del viatge com a font d\u2019inspiraci\u00f3 i creaci\u00f3.<\/p>\n\n\n\n<figure class=\"wp-block-embed is-type-video is-provider-youtube wp-block-embed-youtube wp-embed-aspect-16-9 wp-has-aspect-ratio\"><div class=\"wp-block-embed__wrapper\">\n<iframe loading=\"lazy\" title=\"Els forasters - Il\u00b7lustradors catalans en el m\u00f3n\" width=\"640\" height=\"360\" src=\"https:\/\/www.youtube.com\/embed\/9EllX6um8Us?feature=oembed\" frameborder=\"0\" allow=\"accelerometer; autoplay; clipboard-write; encrypted-media; gyroscope; picture-in-picture; web-share\" referrerpolicy=\"strict-origin-when-cross-origin\" allowfullscreen><\/iframe>\n<\/div><\/figure>\n\n\n\n<p><strong>Participa<\/strong><\/p>\n\n\n\n<p><strong>Carles Ballesteros Oriol<\/strong><br>I\u00b7lustrador. Llicenciat en Belles Arts per la Universitat de Barcelona i amb Postgrau d\u2019Il\u00b7lustraci\u00f3 de l\u2019Escola Eina. El 2011 arriba a Xile, on ha fet de professor d\u2019il\u00b7lustraci\u00f3 a la Universidad Cat\u00f3lica, Universidad del Pac\u00edfico, Universidad Finis Terrae i Universidad del Desarrollo. Ha col\u00b7laborat amb la revista Tretzevents i l\u2019editorial Abadia de Montserrat. El 2014 passa a formar part de l\u2019ag\u00e8ncia d\u2019il\u00b7lustradors Astound dels Estats Units.<\/p>\n\n\n\n<p>Instagram:&nbsp;<a href=\"https:\/\/apic.us10.list-manage.com\/track\/click?u=59f897a434699337c095532bb&amp;id=3ee7d4e392&amp;e=9f91710895\">@carles_ballesteros<\/a><\/p>\n\n\n\n<p><strong>Marta Alt\u00e9s<\/strong><br>Autora i il\u00b7lustradora. Nacuda a Barcelona el 1982. Va estudiar disseny gr\u00e0fic i il\u00b7lustraci\u00f3 creativa a l\u2019Escola Eina. Despr\u00e9s de treballar durant 5 anys com a dissenyadora gr\u00e0fica, va estudiar un curs especialitzat en llibres infantils a Anglaterra i ara la fa molt feli\u00e7 poder dir que \u00e9s il\u00b7lustradora. Viu a Londres i es passa el dia dibuixant i escrivint hist\u00f2ries, on ha publicat 11 \u00e0lbums il\u00b7lustrats tradu\u00efts a m\u00e9s de 20 idiomes, i ara mateix, est\u00e0 treballant en el 12\u00e8.<\/p>\n\n\n\n<p>Web:&nbsp;<a href=\"https:\/\/apic.us10.list-manage.com\/track\/click?u=59f897a434699337c095532bb&amp;id=b6ea543a65&amp;e=9f91710895\" target=\"_blank\" rel=\"noreferrer noopener\">marta-altes.com<\/a><br>Instagram:&nbsp;<a href=\"https:\/\/apic.us10.list-manage.com\/track\/click?u=59f897a434699337c095532bb&amp;id=097ba24b98&amp;e=9f91710895\" target=\"_blank\" rel=\"noreferrer noopener\">@martaltes<\/a><\/p>\n\n\n\n<p><strong>Pau Masiques<\/strong><br>Il\u00b7lustrador, gravador. Nascut a Barcelona el 1974, actualment resideix a Monterrey (M\u00e8xic). Va estudiar a il\u00b7lustraci\u00f3 a l\u2019Escola Massana. Mitjan\u00e7ant un llenguatge contundent que transita entre el que \u00e9s at\u00e0vic i el que \u00e9s contemporani, les seves il\u00b7lustracions i els seus gravats es nodreixen de m\u00faltiples refer\u00e8ncies que van des del gravat popular, els c\u00f2mics, l\u2019expressionisme, l\u2019art marginal, fins a la gr\u00e0fica d\u2019avantguarda de principis de s. XX.<\/p>\n\n\n\n<p>Web:&nbsp;<a href=\"https:\/\/apic.us10.list-manage.com\/track\/click?u=59f897a434699337c095532bb&amp;id=69fd050d5f&amp;e=9f91710895\" target=\"_blank\" rel=\"noreferrer noopener\">www.paumasiques.com<\/a><br>Instagram:&nbsp;<a href=\"https:\/\/apic.us10.list-manage.com\/track\/click?u=59f897a434699337c095532bb&amp;id=ad06ad0330&amp;e=9f91710895\" target=\"_blank\" rel=\"noreferrer noopener\">@paumasiques<\/a><\/p>\n\n\n\n<p><strong>Modera<\/strong><\/p>\n\n\n\n<p><strong>Manuel Clavero<\/strong><br>Nascut el 1977. Il\u00b7lustrador de llibres, realitzador de c\u00f2mics, ocasional dibuixant per a premsa i de vegades autor integral de la seva pr\u00f2pia obra. Va viure a Argentina fins als 20 anys i, despr\u00e9s de residir a la ciutat de Los Angeles, es va traslladar a Barcelona el 2002. A m\u00e9s de dedicar-se a l\u2019ensenyament, des d\u2019aquesta ciutat ha aportat el seu art per projectes editorials i publicacions d\u2019Espanya, Argentina i els Estats Units. Obsessiu de les narracions il\u00b7lustrades, t\u00e9 publicats m\u00e9s de 25 llibres i espera que siguin molts m\u00e9s.<\/p>\n\n\n\n<p>Instagram:&nbsp;<a href=\"https:\/\/apic.us10.list-manage.com\/track\/click?u=59f897a434699337c095532bb&amp;id=c059460db9&amp;e=9f91710895\" target=\"_blank\" rel=\"noreferrer noopener\">@manuelclaveroarte<\/a><\/p>\n\n\n\n<p><a href=\"http:\/\/www.billfestival.cat\/\" target=\"_blank\" rel=\"noreferrer noopener\">www.billfestival.cat<\/a><br>#billfestival<\/p>\n\n\n<div class=\"wp-block-image\">\n<figure class=\"alignleft\"><img loading=\"lazy\" decoding=\"async\" width=\"713\" height=\"75\" src=\"https:\/\/apic.cat\/wp-content\/uploads\/2024\/09\/Credits-entitats-junts-1.jpg\" alt=\"\" class=\"wp-image-43807\" srcset=\"https:\/\/apic.cat\/wp-content\/uploads\/2024\/09\/Credits-entitats-junts-1.jpg 713w, https:\/\/apic.cat\/wp-content\/uploads\/2024\/09\/Credits-entitats-junts-1-18x2.jpg 18w\" sizes=\"auto, (max-width: 713px) 100vw, 713px\" \/><\/figure><\/div>","protected":false},"excerpt":{"rendered":"<p>Bill Festival onlineCicle de xerrades Bill Festival 2021 El tema del Bill Festival 2021 \u00e9s el viatge i la il\u00b7lustraci\u00f3.Volem oferir converses amb il\u00b7lustradors\/es perqu\u00e8 ens expliquin les seves experi\u00e8ncies en el seu context particular i que ens parlin del viatge com a font d\u2019inspiraci\u00f3 i creaci\u00f3. Participa Carles Ballesteros OriolI\u00b7lustrador. Llicenciat en Belles Arts [&hellip;]<\/p>","protected":false},"featured_media":10260,"menu_order":0,"comment_status":"closed","ping_status":"closed","template":"","format":"standard","meta":{"_acf_changed":false,"footnotes":""},"actualitat-categories":[495],"class_list":["post-8983","new","type-new","status-publish","format-standard","has-post-thumbnail","hentry","actualitat-categories-bill-festival"],"acf":[],"_links":{"self":[{"href":"https:\/\/apic.cat\/cas\/wp-json\/wp\/v2\/new\/8983","targetHints":{"allow":["GET"]}}],"collection":[{"href":"https:\/\/apic.cat\/cas\/wp-json\/wp\/v2\/new"}],"about":[{"href":"https:\/\/apic.cat\/cas\/wp-json\/wp\/v2\/types\/new"}],"replies":[{"embeddable":true,"href":"https:\/\/apic.cat\/cas\/wp-json\/wp\/v2\/comments?post=8983"}],"version-history":[{"count":4,"href":"https:\/\/apic.cat\/cas\/wp-json\/wp\/v2\/new\/8983\/revisions"}],"predecessor-version":[{"id":43896,"href":"https:\/\/apic.cat\/cas\/wp-json\/wp\/v2\/new\/8983\/revisions\/43896"}],"wp:featuredmedia":[{"embeddable":true,"href":"https:\/\/apic.cat\/cas\/wp-json\/wp\/v2\/media\/10260"}],"wp:attachment":[{"href":"https:\/\/apic.cat\/cas\/wp-json\/wp\/v2\/media?parent=8983"}],"wp:term":[{"taxonomy":"actualitat-categories","embeddable":true,"href":"https:\/\/apic.cat\/cas\/wp-json\/wp\/v2\/actualitat-categories?post=8983"}],"curies":[{"name":"wp","href":"https:\/\/api.w.org\/{rel}","templated":true}]}}

Bill Festival | Els forasters. Il·lustradors catalans en el món

<p><strong>Bill Festival online</strong><br>Cicle de xerrades Bill Festival 2021</p>



<p>El tema del Bill Festival 2021 és el viatge i la il·lustració.<br>Volem oferir converses amb il·lustradors/es perquè ens expliquin les seves experiències en el seu context particular i que ens parlin del viatge com a font d’inspiració i creació.</p>



<figure class="wp-block-embed is-type-video is-provider-youtube wp-block-embed-youtube wp-embed-aspect-16-9 wp-has-aspect-ratio"><div class="wp-block-embed__wrapper">
<iframe loading="lazy" title="Els forasters - Il·lustradors catalans en el món" width="640" height="360" src="https://www.youtube.com/embed/9EllX6um8Us?feature=oembed" frameborder="0" allow="accelerometer; autoplay; clipboard-write; encrypted-media; gyroscope; picture-in-picture; web-share" referrerpolicy="strict-origin-when-cross-origin" allowfullscreen></iframe>
</div></figure>



<p><strong>Participa</strong></p>



<p><strong>Carles Ballesteros Oriol</strong><br>I·lustrador. Llicenciat en Belles Arts per la Universitat de Barcelona i amb Postgrau d’Il·lustració de l’Escola Eina. El 2011 arriba a Xile, on ha fet de professor d’il·lustració a la Universidad Católica, Universidad del Pacífico, Universidad Finis Terrae i Universidad del Desarrollo. Ha col·laborat amb la revista Tretzevents i l’editorial Abadia de Montserrat. El 2014 passa a formar part de l’agència d’il·lustradors Astound dels Estats Units.</p>



<p>Instagram:&nbsp;<a href="https://apic.us10.list-manage.com/track/click?u=59f897a434699337c095532bb&amp;id=3ee7d4e392&amp;e=9f91710895">@carles_ballesteros</a></p>



<p><strong>Marta Altés</strong><br>Autora i il·lustradora. Nacuda a Barcelona el 1982. Va estudiar disseny gràfic i il·lustració creativa a l’Escola Eina. Després de treballar durant 5 anys com a dissenyadora gràfica, va estudiar un curs especialitzat en llibres infantils a Anglaterra i ara la fa molt feliç poder dir que és il·lustradora. Viu a Londres i es passa el dia dibuixant i escrivint històries, on ha publicat 11 àlbums il·lustrats traduïts a més de 20 idiomes, i ara mateix, està treballant en el 12è.</p>



<p>Web:&nbsp;<a href="https://apic.us10.list-manage.com/track/click?u=59f897a434699337c095532bb&amp;id=b6ea543a65&amp;e=9f91710895" target="_blank" rel="noreferrer noopener">marta-altes.com</a><br>Instagram:&nbsp;<a href="https://apic.us10.list-manage.com/track/click?u=59f897a434699337c095532bb&amp;id=097ba24b98&amp;e=9f91710895" target="_blank" rel="noreferrer noopener">@martaltes</a></p>



<p><strong>Pau Masiques</strong><br>Il·lustrador, gravador. Nascut a Barcelona el 1974, actualment resideix a Monterrey (Mèxic). Va estudiar a il·lustració a l’Escola Massana. Mitjançant un llenguatge contundent que transita entre el que és atàvic i el que és contemporani, les seves il·lustracions i els seus gravats es nodreixen de múltiples referències que van des del gravat popular, els còmics, l’expressionisme, l’art marginal, fins a la gràfica d’avantguarda de principis de s. XX.</p>



<p>Web:&nbsp;<a href="https://apic.us10.list-manage.com/track/click?u=59f897a434699337c095532bb&amp;id=69fd050d5f&amp;e=9f91710895" target="_blank" rel="noreferrer noopener">www.paumasiques.com</a><br>Instagram:&nbsp;<a href="https://apic.us10.list-manage.com/track/click?u=59f897a434699337c095532bb&amp;id=ad06ad0330&amp;e=9f91710895" target="_blank" rel="noreferrer noopener">@paumasiques</a></p>



<p><strong>Modera</strong></p>



<p><strong>Manuel Clavero</strong><br>Nascut el 1977. Il·lustrador de llibres, realitzador de còmics, ocasional dibuixant per a premsa i de vegades autor integral de la seva pròpia obra. Va viure a Argentina fins als 20 anys i, després de residir a la ciutat de Los Angeles, es va traslladar a Barcelona el 2002. A més de dedicar-se a l’ensenyament, des d’aquesta ciutat ha aportat el seu art per projectes editorials i publicacions d’Espanya, Argentina i els Estats Units. Obsessiu de les narracions il·lustrades, té publicats més de 25 llibres i espera que siguin molts més.</p>



<p>Instagram:&nbsp;<a href="https://apic.us10.list-manage.com/track/click?u=59f897a434699337c095532bb&amp;id=c059460db9&amp;e=9f91710895" target="_blank" rel="noreferrer noopener">@manuelclaveroarte</a></p>



<p><a href="http://www.billfestival.cat/" target="_blank" rel="noreferrer noopener">www.billfestival.cat</a><br>#billfestival</p>


<div class="wp-block-image">
<figure class="alignleft"><img loading="lazy" decoding="async" width="713" height="75" src="https://apic.cat/wp-content/uploads/2024/09/Credits-entitats-junts-1.jpg" alt="" class="wp-image-43807" srcset="https://apic.cat/wp-content/uploads/2024/09/Credits-entitats-junts-1.jpg 713w, https://apic.cat/wp-content/uploads/2024/09/Credits-entitats-junts-1-18x2.jpg 18w" sizes="auto, (max-width: 713px) 100vw, 713px" /></figure></div>

<p>Bill Festival onlineCicle de xerrades Bill Festival 2021 El tema del Bill Festival 2021 és el viatge i la il·lustració.Volem oferir converses amb il·lustradors/es perquè ens expliquin les seves experiències en el seu context particular i que ens parlin del viatge com a font d’inspiració i creació. Participa Carles Ballesteros OriolI·lustrador. Llicenciat en Belles Arts [&hellip;]</p>
