{"id":9255,"date":"2022-01-19T15:25:43","date_gmt":"2022-01-19T15:25:43","guid":{"rendered":"https:\/\/apic.cat\/?page_id=9255"},"modified":"2024-02-08T12:43:10","modified_gmt":"2024-02-08T12:43:10","slug":"activitats","status":"publish","type":"page","link":"https:\/\/apic.cat\/cas\/activitats\/","title":{"rendered":"Actividades"},"content":{"rendered":"<p>Durante el a\u00f1o disponemos de un extenso programa de actividades muy diversas para dar visibilidad a la ilustraci\u00f3n catalana y cubrir las necesidades de los ilustradores e ilustradoras.<br>Todos los miembros de APIC disfrutan de un precio ventajoso en las actividades de pago que hacemos, sin embargo, \u00e9stas tambi\u00e9n est\u00e1n abiertas a cualquier profesional que quiera asistir.<\/p>\n\n\n\n<p><\/p>\n\n\n\n<p class=\"has-large-font-size\">Premios Junceda de Ilustraci\u00f3n<\/p>\n\n\n\n<p>Desde la Asociaci\u00f3n Profesional de ilustradores de Catalu\u00f1a sabemos que es importante que exista un reconocimiento a la labor de los profesionales relacionados con el mundo de la ilustraci\u00f3n. Por eso, en 2003 creamos los Premios Junceda, unos galardones que premian todas las \u00e1reas de la ilustraci\u00f3n.<br>El objetivo de los galardones de la ilustraci\u00f3n es premiar y dar a conocer la disciplina de la ilustraci\u00f3n en todas sus \u00e1reas de aplicaci\u00f3n.<\/p>\n\n\n\n<p>La difusi\u00f3n y eco medi\u00e1tico de estos galardones favorece la legitimaci\u00f3n de nuestro sector y el conocimiento de la ilustraci\u00f3n en el gran p\u00fablico.<br>Te invitamos a disfrutar de las obras de los participantes en ediciones anteriores a la <a rel=\"noreferrer noopener\" href=\"https:\/\/www.premisjunceda.cat\/\" target=\"_blank\">web de los Premis Junceda<\/a>.<\/p>\n\n\n\n<div class=\"wp-block-columns is-layout-flex wp-container-core-columns-is-layout-9d6595d7 wp-block-columns-is-layout-flex\">\n<div class=\"wp-block-column is-layout-flow wp-block-column-is-layout-flow\" style=\"flex-basis:100%\">\n<div class=\"wp-block-columns is-layout-flex wp-container-core-columns-is-layout-9d6595d7 wp-block-columns-is-layout-flex\">\n<div class=\"wp-block-column is-layout-flow wp-block-column-is-layout-flow\" style=\"flex-basis:100%\">\n<figure class=\"wp-block-image size-full full-width\"><img loading=\"lazy\" decoding=\"async\" width=\"1306\" height=\"650\" src=\"https:\/\/apic.cat\/wp-content\/uploads\/2022\/10\/lafotografa12.jpg\" alt=\"\" class=\"wp-image-18986\" srcset=\"https:\/\/apic.cat\/wp-content\/uploads\/2022\/10\/lafotografa12.jpg 1306w, https:\/\/apic.cat\/wp-content\/uploads\/2022\/10\/lafotografa12-1280x637.jpg 1280w, https:\/\/apic.cat\/wp-content\/uploads\/2022\/10\/lafotografa12-768x382.jpg 768w, https:\/\/apic.cat\/wp-content\/uploads\/2022\/10\/lafotografa12-16x8.jpg 16w\" sizes=\"auto, (max-width: 1306px) 100vw, 1306px\" \/><\/figure>\n<\/div>\n<\/div>\n<\/div>\n<\/div>\n\n\n\n<p class=\"has-large-font-size\">Barcelona Ilustraci\u00f3n Festival, Bill Festival<\/p>\n\n\n\n<p>El Bill Festival \u00e9s la teva trobada anual de la il\u00b7lustraci\u00f3. La il\u00b7lustraci\u00f3, aix\u00ed com tots els camps que formen part d\u2019all\u00f2 que entenem per comunicaci\u00f3 visual. \u00c9s una disciplina capa\u00e7 de millorar les condicions de vida de les persones; conscienciar, informar i divulgar sobre problemes urgents de la societat des del plantejament de solucions innovadores, creatives i contempor\u00e0nies, capaces d\u2019incidir en l\u2019imaginari col\u00b7lectiu d\u2019un marc d\u2019espai i temps concret.<\/p>\n\n\n\n<figure class=\"wp-block-image size-full is-style-default\"><img loading=\"lazy\" decoding=\"async\" width=\"1400\" height=\"297\" src=\"https:\/\/apic.cat\/wp-content\/uploads\/2022\/04\/Logo-blanc.jpg\" alt=\"\" class=\"wp-image-13476\" srcset=\"https:\/\/apic.cat\/wp-content\/uploads\/2022\/04\/Logo-blanc.jpg 1400w, https:\/\/apic.cat\/wp-content\/uploads\/2022\/04\/Logo-blanc-1280x272.jpg 1280w, https:\/\/apic.cat\/wp-content\/uploads\/2022\/04\/Logo-blanc-768x163.jpg 768w, https:\/\/apic.cat\/wp-content\/uploads\/2022\/04\/Logo-blanc-16x3.jpg 16w\" sizes=\"auto, (max-width: 1400px) 100vw, 1400px\" \/><\/figure>\n\n\n\n<p>El Bill Festival se organiza en torno a un eje tem\u00e1tico que es el hilo conductor de la programaci\u00f3n de cada a\u00f1o.<\/p>\n\n\n\n<p>Las conferencias y mesas redondas ponen de relieve, de la mano de los autores y autoras, c\u00f3mo se afrontan los encargos en relaci\u00f3n con la tem\u00e1tica propuesta.<\/p>\n\n\n\n<p>Se invita a profesionales de la ilustraci\u00f3n de reconocido prestigio ya personas cuyo punto de vista pueda aportar valor a la tem\u00e1tica tratada.<\/p>\n\n\n\n<figure class=\"wp-block-image size-full is-style-default\"><img loading=\"lazy\" decoding=\"async\" width=\"1306\" height=\"650\" src=\"https:\/\/apic.cat\/wp-content\/uploads\/2022\/04\/4-2.jpg\" alt=\"\" class=\"wp-image-13661\" srcset=\"https:\/\/apic.cat\/wp-content\/uploads\/2022\/04\/4-2.jpg 1306w, https:\/\/apic.cat\/wp-content\/uploads\/2022\/04\/4-2-1280x637.jpg 1280w, https:\/\/apic.cat\/wp-content\/uploads\/2022\/04\/4-2-768x382.jpg 768w, https:\/\/apic.cat\/wp-content\/uploads\/2022\/04\/4-2-16x8.jpg 16w\" sizes=\"auto, (max-width: 1306px) 100vw, 1306px\" \/><\/figure>\n\n\n\n<p>En la \u00faltima <a rel=\"noreferrer noopener\" href=\"https:\/\/billfestival.cat\/programa\/\" target=\"_blank\">edici\u00f3n 2021<\/a> el Bill Festival ha reflexionado en torno al concepto de la ilustraci\u00f3n y el viaje y se ha realizado en formato 100% online mediante directos en el canal de Youtube de APIC.<\/p>\n\n\n\n<p>Encontrar\u00e1s el programa de este a\u00f1o y la documentaci\u00f3n de las ediciones anteriores en la web <a href=\"http:\/\/www.billfestival.cat\" target=\"_blank\" rel=\"noreferrer noopener\">BILL FESTIVAL<\/a>. <\/p>\n\n\n\n<p><\/p>\n\n\n\n<p class=\"has-large-font-size\">Monogr\u00e0fics, webinars i debats de la professi\u00f3<\/p>\n\n\n\n<p>Desde APIC organizamos sesiones para profundizar en aspectos concretos de la profesi\u00f3n. Se trata de propuestas tem\u00e1ticas del sector que resuelven las inquietudes que m\u00e1s preocupan a los ilustradores e ilustradoras y que tienen como objetivo la transferencia de conocimiento por parte de expertos y referentes del colectivo hacia la comunidad APIC.<\/p>\n\n\n\n<p class=\"has-text-align-left\"><a href=\"https:\/\/apic.cat\/cas\/actualitat-categories\/monografics\/\">Consulta els monogr\u00e0fics<\/a><\/p>\n\n\n\n<p>\u00a1Desc\u00fabrelos y participa! Dinos de qu\u00e9 quieres que hablemos y lo tendremos en cuenta por las siguientes ediciones.<\/p>\n\n\n\n<figure class=\"wp-block-embed is-type-video is-provider-youtube wp-block-embed-youtube wp-embed-aspect-16-9 wp-has-aspect-ratio\"><div class=\"wp-block-embed__wrapper\">\n<iframe loading=\"lazy\" title=\"Monogr\u00e0fics sobre il\u00b7lustraci\u00f3\" width=\"640\" height=\"360\" src=\"https:\/\/www.youtube.com\/embed\/videoseries?list=PL-IuCGddEo-TmsUwpeSAxq65ecOExvFpt\" frameborder=\"0\" allow=\"accelerometer; autoplay; clipboard-write; encrypted-media; gyroscope; picture-in-picture; web-share\" referrerpolicy=\"strict-origin-when-cross-origin\" allowfullscreen><\/iframe>\n<\/div><\/figure>\n\n\n\n<p><\/p>\n\n\n\n<p class=\"has-large-font-size\">Formaci\u00f3n<\/p>\n\n\n\n<p>Programamos durante todo el a\u00f1o cursos abiertos a todo el colectivo de ilustradores e ilustradoras, personas relacionadas con la profesi\u00f3n y estudiantes de ilustraci\u00f3n.<br>El objetivo de los cursos es dar una formaci\u00f3n especializada y fomentar el trueque de experiencias entre el colectivo profesional de la ilustraci\u00f3n y las personas afines al sector.<\/p>\n\n\n\n<p>Actualmente, todas las formaciones se realizan de forma virtual, facilitando la asistencia por parte de todos los ilustradores e ilustradoras independientemente de su ubicaci\u00f3n geogr\u00e1fica.<\/p>\n\n\n\n<p><a href=\"https:\/\/apic.cat\/cas\/formacio\/\">Consulta les properes formacions<\/a><\/p>\n\n\n\n<p class=\"has-large-font-size\">Revisiones de portafolios<\/p>\n\n\n\n<p>APIC es un engranaje profesional que conecta a los diferentes actores sectoriales. Con el fin de actuar como facilitadores y punto de encuentro para el desarrollo profesional de la ilustraci\u00f3n, organizamos revisiones de portafolios peri\u00f3dicas con prescriptores de todos los sectores de la profesi\u00f3n para valorar el trabajo de los ilustradores e ilustradoras.<\/p>\n\n\n\n<p>Estas sesiones consisten en un encuentro virtual en el que los ilustradores que se inscriben mediante la convocatoria que enviamos por correo electr\u00f3nico, seleccionan parte de su obra y la exponen mediante nuestra plataforma de encuentro virtual en el horario indicado.<\/p>\n\n\n\n<p><a href=\"https:\/\/apic.cat\/cas\/actualitat\/revisions-de-portafolis\/\">Consulta las revisiones de portafolios realizadas<\/a><\/p>\n\n\n\n<p>En la <a rel=\"noreferrer noopener\" href=\"https:\/\/apic.cat\/wp-content\/uploads\/2022\/04\/Memoria-2021.pdf\" target=\"_blank\">Memoria de actividades 2021<\/a> trobar\u00e0s totes les activitats que hem dut a terme durant l&#8217;any.<\/p>\n\n\n\n<figure class=\"wp-block-image size-full full-width\"><img loading=\"lazy\" decoding=\"async\" width=\"1306\" height=\"650\" src=\"https:\/\/apic.cat\/wp-content\/uploads\/2022\/04\/1-1.jpg\" alt=\"\" class=\"wp-image-13663\" srcset=\"https:\/\/apic.cat\/wp-content\/uploads\/2022\/04\/1-1.jpg 1306w, https:\/\/apic.cat\/wp-content\/uploads\/2022\/04\/1-1-1280x637.jpg 1280w, https:\/\/apic.cat\/wp-content\/uploads\/2022\/04\/1-1-768x382.jpg 768w, https:\/\/apic.cat\/wp-content\/uploads\/2022\/04\/1-1-16x8.jpg 16w\" sizes=\"auto, (max-width: 1306px) 100vw, 1306px\" \/><\/figure>\n\n\n\n<h2 class=\"wp-block-heading\" id=\"activitats\">\u00bfQuieres formar parte de la comunidad APIC?<\/h2>\n\n\n\n<div class=\"wp-block-buttons is-layout-flex wp-block-buttons-is-layout-flex\">\n<div class=\"wp-block-button is-style-fill\"><a class=\"wp-block-button__link wp-element-button\" href=\"https:\/\/apic.cat\/cas\/associat\/\">As\u00f3ciate<\/a><\/div>\n<\/div>","protected":false},"excerpt":{"rendered":"<p>Durant l\u2019any disposem d\u2019un programa extens d\u2019activitats molt diverses per tal de donar visibilitat a la il\u00b7lustraci\u00f3 catalana i cobrir les necessitats dels il\u00b7lustradors i il\u00b7lustradores.Tots els membres de l\u2019APIC gaudeixen d\u2019un preu avantatj\u00f3s en les activitats de pagament que fem, tanmateix, aquestes tamb\u00e9 estan obertes a qualsevol professional que hi vulgui assistir. Premis Junceda [&hellip;]<\/p>","protected":false},"author":766,"featured_media":0,"parent":0,"menu_order":0,"comment_status":"closed","ping_status":"closed","template":"template-parts\/apic-activities-block-template.php","meta":{"_acf_changed":false,"footnotes":""},"class_list":["post-9255","page","type-page","status-publish","hentry"],"acf":[],"_links":{"self":[{"href":"https:\/\/apic.cat\/cas\/wp-json\/wp\/v2\/pages\/9255","targetHints":{"allow":["GET"]}}],"collection":[{"href":"https:\/\/apic.cat\/cas\/wp-json\/wp\/v2\/pages"}],"about":[{"href":"https:\/\/apic.cat\/cas\/wp-json\/wp\/v2\/types\/page"}],"author":[{"embeddable":true,"href":"https:\/\/apic.cat\/cas\/wp-json\/wp\/v2\/users\/766"}],"replies":[{"embeddable":true,"href":"https:\/\/apic.cat\/cas\/wp-json\/wp\/v2\/comments?post=9255"}],"version-history":[{"count":75,"href":"https:\/\/apic.cat\/cas\/wp-json\/wp\/v2\/pages\/9255\/revisions"}],"predecessor-version":[{"id":36009,"href":"https:\/\/apic.cat\/cas\/wp-json\/wp\/v2\/pages\/9255\/revisions\/36009"}],"wp:attachment":[{"href":"https:\/\/apic.cat\/cas\/wp-json\/wp\/v2\/media?parent=9255"}],"curies":[{"name":"wp","href":"https:\/\/api.w.org\/{rel}","templated":true}]}}