{"id":9876,"date":"2022-02-22T11:27:27","date_gmt":"2022-02-22T11:27:27","guid":{"rendered":"https:\/\/apic.cat\/?page_id=9876"},"modified":"2026-03-18T16:39:44","modified_gmt":"2026-03-18T16:39:44","slug":"publicacions","status":"publish","type":"page","link":"https:\/\/apic.cat\/cas\/publicacions\/","title":{"rendered":"Publicaciones"},"content":{"rendered":"<ul class=\"wp-block-list\">\n<li><a href=\"https:\/\/apic.cat\/wp-content\/uploads\/2026\/03\/MODELS_BONES-PRACTIQUES-CONCURSOS.pdf\" target=\"_blank\" rel=\"noreferrer noopener\">Bones pr\u00e0ctiques de concursos<\/a><\/li>\n\n\n\n<li><a href=\"https:\/\/apic.cat\/wp-content\/uploads\/2025\/04\/Informe-sobre-la-situacio-dels-professionals-de-la-illustracio-a-Catalunya.-Edicio-2025.pdf\" target=\"_blank\" rel=\"noreferrer noopener\">Informe sobre la situaci\u00f3 dels professionals de la il\u00b7lustraci\u00f3 a Catalunya. Edici\u00f3 2025<\/a><\/li>\n\n\n\n<li><a href=\"https:\/\/apic.cat\/wp-content\/uploads\/2025\/04\/Resum-Informe-sobre-la-situacio-dels-professionals-de-la-illustracio-a-Catalunya.-Edicio-2025.pdf\" target=\"_blank\" rel=\"noreferrer noopener\">Resum \/ Informe sobre la situaci\u00f3 dels professionals de la il\u00b7lustraci\u00f3 a Catalunya. Edici\u00f3 2025<\/a><\/li>\n\n\n\n<li><a href=\"https:\/\/apic.cat\/wp-admin\/admin.php?page=portal-de-recursos-apic\" target=\"_blank\" rel=\"noreferrer noopener\">Guia pr\u00e0ctica de facturaci\u00f3 (\u00c0rea privada socis\/es)<\/a><\/li>\n\n\n\n<li><a href=\"https:\/\/apic.cat\/wp-admin\/admin.php?page=portal-de-recursos-apic\" target=\"_blank\" rel=\"noreferrer noopener\">Guia Alta a la Seguretat Social (\u00c0rea privada socis\/es)<\/a><\/li>\n\n\n\n<li><a href=\"https:\/\/apic.cat\/wp-admin\/admin.php?page=portal-de-recursos-apic\" target=\"_blank\" rel=\"noreferrer noopener\">Guia Alta Censal IAE Ag\u00e8ncia Tribut\u00e0ria (\u00c0rea privada socis\/es)<\/a><\/li>\n\n\n\n<li><a rel=\"noreferrer noopener\" href=\"https:\/\/apic.cat\/wp-content\/uploads\/2022\/03\/CODI-DE-BONES-PRACTIQUES.pdf\" target=\"_blank\">Codi de bones pr\u00e0ctiques en la il\u00b7lustraci\u00f3<\/a><\/li>\n\n\n\n<li><a href=\"https:\/\/apic.cat\/wp-admin\/admin.php?page=portal-de-recursos-apic\" data-type=\"link\" data-id=\"https:\/\/apic.cat\/wp-admin\/admin.php?page=aaaa\" target=\"_blank\" rel=\"noreferrer noopener\">Dubtes freq\u00fcents de la professi\u00f3: fiscals, laborals, jur\u00eddics i professionals Edici\u00f3 2025 (\u00c0rea privada socis\/es)<\/a><\/li>\n\n\n\n<li><a href=\"https:\/\/apic.cat\/wp-content\/uploads\/2024\/04\/Guia-de-la-il.lustracio-professional.pdf\" target=\"_blank\" rel=\"noreferrer noopener\">Guia de la il\u00b7lustraci\u00f3 professional<\/a><\/li>\n\n\n\n<li><a rel=\"noreferrer noopener\" href=\"https:\/\/apic.cat\/wp-content\/uploads\/2022\/03\/Manual-de-la-internacionalitzacio.pdf\" target=\"_blank\">Manual de la internacionalitzaci\u00f3<\/a><\/li>\n\n\n\n<li><a rel=\"noreferrer noopener\" href=\"https:\/\/apic.cat\/wp-content\/uploads\/2022\/03\/Guia-per-a-autors-novells.pdf\" target=\"_blank\">Guia per a autors novells<\/a><\/li>\n\n\n\n<li><a rel=\"noreferrer noopener\" href=\"https:\/\/www.dropbox.com\/s\/x8qnk4vp5w3obg6\/L%27il%C2%B7lustrador%20i%20la%20llei.pdf?dl=0\" target=\"_blank\">L\u2019il\u00b7lustrador i la Llei<\/a><\/li>\n\n\n\n<li><a rel=\"noreferrer noopener\" href=\"https:\/\/www.dropbox.com\/s\/78xsnw9v9htudke\/Nuevo_libro_blanco_de_la_Ilustracion_grafica_en_Espanya.pdf?dl=0\" target=\"_blank\">Nuevo libro blanco de la Ilustraci\u00f3n Gr\u00e1fica en Espa\u00f1a<\/a><\/li>\n\n\n\n<li><a rel=\"noreferrer noopener\" href=\"https:\/\/apic.cat\/wp-content\/uploads\/2022\/03\/Un-trato-es-un-contrato.pdf\" target=\"_blank\">Un tracte \u00e9s un contracte: Petita guia de contractaci\u00f3 per a professionals de la il\u00b7lustraci\u00f3<\/a><\/li>\n\n\n\n<li><a rel=\"noreferrer noopener\" href=\"https:\/\/apic.cat\/wp-content\/uploads\/2022\/03\/Informe-sobre-la-illustracio-a-Catalunya.pdf\" target=\"_blank\">Informe sobre la situaci\u00f3 de la il\u00b7lustraci\u00f3 a Catalunya<\/a><\/li>\n<\/ul>\n\n\n\n<p><\/p>","protected":false},"excerpt":{"rendered":"","protected":false},"author":766,"featured_media":0,"parent":0,"menu_order":0,"comment_status":"closed","ping_status":"closed","template":"","meta":{"_acf_changed":false,"footnotes":""},"class_list":["post-9876","page","type-page","status-publish","hentry"],"acf":[],"_links":{"self":[{"href":"https:\/\/apic.cat\/cas\/wp-json\/wp\/v2\/pages\/9876","targetHints":{"allow":["GET"]}}],"collection":[{"href":"https:\/\/apic.cat\/cas\/wp-json\/wp\/v2\/pages"}],"about":[{"href":"https:\/\/apic.cat\/cas\/wp-json\/wp\/v2\/types\/page"}],"author":[{"embeddable":true,"href":"https:\/\/apic.cat\/cas\/wp-json\/wp\/v2\/users\/766"}],"replies":[{"embeddable":true,"href":"https:\/\/apic.cat\/cas\/wp-json\/wp\/v2\/comments?post=9876"}],"version-history":[{"count":30,"href":"https:\/\/apic.cat\/cas\/wp-json\/wp\/v2\/pages\/9876\/revisions"}],"predecessor-version":[{"id":70139,"href":"https:\/\/apic.cat\/cas\/wp-json\/wp\/v2\/pages\/9876\/revisions\/70139"}],"wp:attachment":[{"href":"https:\/\/apic.cat\/cas\/wp-json\/wp\/v2\/media?parent=9876"}],"curies":[{"name":"wp","href":"https:\/\/api.w.org\/{rel}","templated":true}]}}

<ul class="wp-block-list">
<li><a href="https://apic.cat/wp-content/uploads/2026/03/MODELS_BONES-PRACTIQUES-CONCURSOS.pdf" target="_blank" rel="noreferrer noopener">Bones pràctiques de concursos</a></li>



<li><a href="https://apic.cat/wp-content/uploads/2025/04/Informe-sobre-la-situacio-dels-professionals-de-la-illustracio-a-Catalunya.-Edicio-2025.pdf" target="_blank" rel="noreferrer noopener">Informe sobre la situació dels professionals de la il·lustració a Catalunya. Edició 2025</a></li>



<li><a href="https://apic.cat/wp-content/uploads/2025/04/Resum-Informe-sobre-la-situacio-dels-professionals-de-la-illustracio-a-Catalunya.-Edicio-2025.pdf" target="_blank" rel="noreferrer noopener">Resum / Informe sobre la situació dels professionals de la il·lustració a Catalunya. Edició 2025</a></li>



<li><a href="https://apic.cat/wp-admin/admin.php?page=portal-de-recursos-apic" target="_blank" rel="noreferrer noopener">Guia pràctica de facturació (Àrea privada socis/es)</a></li>



<li><a href="https://apic.cat/wp-admin/admin.php?page=portal-de-recursos-apic" target="_blank" rel="noreferrer noopener">Guia Alta a la Seguretat Social (Àrea privada socis/es)</a></li>



<li><a href="https://apic.cat/wp-admin/admin.php?page=portal-de-recursos-apic" target="_blank" rel="noreferrer noopener">Guia Alta Censal IAE Agència Tributària (Àrea privada socis/es)</a></li>



<li><a rel="noreferrer noopener" href="https://apic.cat/wp-content/uploads/2022/03/CODI-DE-BONES-PRACTIQUES.pdf" target="_blank">Codi de bones pràctiques en la il·lustració</a></li>



<li><a href="https://apic.cat/wp-admin/admin.php?page=portal-de-recursos-apic" data-type="link" data-id="https://apic.cat/wp-admin/admin.php?page=aaaa" target="_blank" rel="noreferrer noopener">Dubtes freqüents de la professió: fiscals, laborals, jurídics i professionals Edició 2025 (Àrea privada socis/es)</a></li>



<li><a href="https://apic.cat/wp-content/uploads/2024/04/Guia-de-la-il.lustracio-professional.pdf" target="_blank" rel="noreferrer noopener">Guia de la il·lustració professional</a></li>



<li><a rel="noreferrer noopener" href="https://apic.cat/wp-content/uploads/2022/03/Manual-de-la-internacionalitzacio.pdf" target="_blank">Manual de la internacionalització</a></li>



<li><a rel="noreferrer noopener" href="https://apic.cat/wp-content/uploads/2022/03/Guia-per-a-autors-novells.pdf" target="_blank">Guia per a autors novells</a></li>



<li><a rel="noreferrer noopener" href="https://www.dropbox.com/s/x8qnk4vp5w3obg6/L%27il%C2%B7lustrador%20i%20la%20llei.pdf?dl=0" target="_blank">L’il·lustrador i la Llei</a></li>



<li><a rel="noreferrer noopener" href="https://www.dropbox.com/s/78xsnw9v9htudke/Nuevo_libro_blanco_de_la_Ilustracion_grafica_en_Espanya.pdf?dl=0" target="_blank">Nuevo libro blanco de la Ilustración Gráfica en España</a></li>



<li><a rel="noreferrer noopener" href="https://apic.cat/wp-content/uploads/2022/03/Un-trato-es-un-contrato.pdf" target="_blank">Un tracte és un contracte: Petita guia de contractació per a professionals de la il·lustració</a></li>



<li><a rel="noreferrer noopener" href="https://apic.cat/wp-content/uploads/2022/03/Informe-sobre-la-illustracio-a-Catalunya.pdf" target="_blank">Informe sobre la situació de la il·lustració a Catalunya</a></li>
</ul>



<p></p>
