{"id":18842,"date":"2022-10-14T15:49:25","date_gmt":"2022-10-14T15:49:25","guid":{"rendered":"https:\/\/apic.cat\/?post_type=new&#038;p=18842"},"modified":"2022-10-14T15:49:26","modified_gmt":"2022-10-14T15:49:26","slug":"v-premi-maria-rius","status":"publish","type":"new","link":"https:\/\/apic.cat\/eng\/actualitat\/v-premi-maria-rius\/","title":{"rendered":"V Premi Maria Rius"},"content":{"rendered":"<p>El jurat del Premi Maria Rius ha atorgat el guard\u00f3 de la seva cinquena convocat\u00f2ria a l\u2019il\u00b7lustrador i soci de l&#8217;APIC, Gusti Rosemffet &#8216;Gusti&#8217;.<br>En la categoria d\u2019honor, el jurat ha premiat a la revista d\u2019il\u2022lustraci\u00f3 Cavall Fort.<\/p>\n\n\n\n<p>Moltes felicitats als guardonats!!<\/p>\n\n\n\n<p>El jurat d\u2019enguany ha estat format per:<br>Teresa Duran per l&#8217;IBBYCAT (CLIJCAT)<br>Carme Marcos per l&#8217;APIC<br>Am\u00e0lia Ramoneda per l&#8217;Associaci\u00f3 Rosa Sensat<br>Nati Calvo per BIBBOT\u00d3<br>Gl\u00f2ria Rius, sense vot<\/p>\n\n\n\n<p><a href=\"https:\/\/bit.ly\/3Vk8N0z\" target=\"_blank\" rel=\"noreferrer noopener\">Consulta la cerim\u00f2nia de lliurament del premi<\/a><\/p>","protected":false},"excerpt":{"rendered":"<p>El jurat del Premi Maria Rius ha atorgat el guard\u00f3 de la seva cinquena convocat\u00f2ria a l\u2019il\u00b7lustrador i soci de l&#8217;APIC, Gusti Rosemffet &#8216;Gusti&#8217;.En la categoria d\u2019honor, el jurat ha premiat a la revista d\u2019il\u2022lustraci\u00f3 Cavall Fort. Moltes felicitats als guardonats!! El jurat d\u2019enguany ha estat format per:Teresa Duran per l&#8217;IBBYCAT (CLIJCAT)Carme Marcos per l&#8217;APICAm\u00e0lia [&hellip;]<\/p>","protected":false},"featured_media":18844,"menu_order":0,"comment_status":"closed","ping_status":"closed","template":"","format":"standard","meta":{"_acf_changed":false,"footnotes":""},"actualitat-categories":[737],"class_list":["post-18842","new","type-new","status-publish","format-standard","has-post-thumbnail","hentry","actualitat-categories-premis"],"acf":[],"_links":{"self":[{"href":"https:\/\/apic.cat\/eng\/wp-json\/wp\/v2\/new\/18842","targetHints":{"allow":["GET"]}}],"collection":[{"href":"https:\/\/apic.cat\/eng\/wp-json\/wp\/v2\/new"}],"about":[{"href":"https:\/\/apic.cat\/eng\/wp-json\/wp\/v2\/types\/new"}],"replies":[{"embeddable":true,"href":"https:\/\/apic.cat\/eng\/wp-json\/wp\/v2\/comments?post=18842"}],"version-history":[{"count":2,"href":"https:\/\/apic.cat\/eng\/wp-json\/wp\/v2\/new\/18842\/revisions"}],"predecessor-version":[{"id":18846,"href":"https:\/\/apic.cat\/eng\/wp-json\/wp\/v2\/new\/18842\/revisions\/18846"}],"wp:featuredmedia":[{"embeddable":true,"href":"https:\/\/apic.cat\/eng\/wp-json\/wp\/v2\/media\/18844"}],"wp:attachment":[{"href":"https:\/\/apic.cat\/eng\/wp-json\/wp\/v2\/media?parent=18842"}],"wp:term":[{"taxonomy":"actualitat-categories","embeddable":true,"href":"https:\/\/apic.cat\/eng\/wp-json\/wp\/v2\/actualitat-categories?post=18842"}],"curies":[{"name":"wp","href":"https:\/\/api.w.org\/{rel}","templated":true}]}}

<p>El jurat del Premi Maria Rius ha atorgat el guardó de la seva cinquena convocatòria a l’il·lustrador i soci de l&#8217;APIC, Gusti Rosemffet &#8216;Gusti&#8217;.<br>En la categoria d’honor, el jurat ha premiat a la revista d’il•lustració Cavall Fort.</p>



<p>Moltes felicitats als guardonats!!</p>



<p>El jurat d’enguany ha estat format per:<br>Teresa Duran per l&#8217;IBBYCAT (CLIJCAT)<br>Carme Marcos per l&#8217;APIC<br>Amàlia Ramoneda per l&#8217;Associació Rosa Sensat<br>Nati Calvo per BIBBOTÓ<br>Glòria Rius, sense vot</p>



<p><a href="https://bit.ly/3Vk8N0z" target="_blank" rel="noreferrer noopener">Consulta la cerimònia de lliurament del premi</a></p>

<p>El jurat del Premi Maria Rius ha atorgat el guardó de la seva cinquena convocatòria a l’il·lustrador i soci de l&#8217;APIC, Gusti Rosemffet &#8216;Gusti&#8217;.En la categoria d’honor, el jurat ha premiat a la revista d’il•lustració Cavall Fort. Moltes felicitats als guardonats!! El jurat d’enguany ha estat format per:Teresa Duran per l&#8217;IBBYCAT (CLIJCAT)Carme Marcos per l&#8217;APICAmàlia [&hellip;]</p>
