{"id":27768,"date":"2023-06-01T11:27:10","date_gmt":"2023-06-01T11:27:10","guid":{"rendered":"https:\/\/apic.cat\/?post_type=new&#038;p=27768"},"modified":"2023-06-01T11:27:10","modified_gmt":"2023-06-01T11:27:10","slug":"premis-catskills-2023","status":"publish","type":"new","link":"https:\/\/apic.cat\/eng\/actualitat\/premis-catskills-2023\/","title":{"rendered":"Premis Catskills 2023"},"content":{"rendered":"<p>Aitana Gir\u00e1ldez, de l&#8217;escola Serra i Abella, ha estat la guanyadora del Premi Catskills d\u2019il\u00b7lustraci\u00f3 2023.<\/p>\n\n\n\n<p>L&#8217;APIC hi ha col\u00b7laborat amb la dotaci\u00f3 d&#8217;un any de quota de soci gratu\u00efta per la guanyadora i una formacio gratu\u00efta per la guanyadora i les dues finalistes.<\/p>\n\n\n\n<p>El campionat Catskills \u00e9s un programa del Departament d&#8217;Ensenyament per promoure les compet\u00e8ncies de l&#8217;alumnat de formaci\u00f3 professional de Catalunya.<\/p>\n\n\n\n<p>Felicitats als guardonats i guardonades!<\/p>\n\n\n\n<p><a rel=\"noreferrer noopener\" href=\"https:\/\/acortar.link\/97TEkV\" target=\"_blank\">M\u00e9s informaci\u00f3<\/a><\/p>","protected":false},"excerpt":{"rendered":"<p>Aitana Gir\u00e1ldez, de l&#8217;escola Serra i Abella, ha estat la guanyadora del Premi Catskills d\u2019il\u00b7lustraci\u00f3 2023. L&#8217;APIC hi ha col\u00b7laborat amb la dotaci\u00f3 d&#8217;un any de quota de soci gratu\u00efta per la guanyadora i una formacio gratu\u00efta per la guanyadora i les dues finalistes. El campionat Catskills \u00e9s un programa del Departament d&#8217;Ensenyament per promoure [&hellip;]<\/p>","protected":false},"featured_media":27766,"menu_order":0,"comment_status":"closed","ping_status":"closed","template":"","format":"standard","meta":{"_acf_changed":false,"footnotes":""},"actualitat-categories":[737],"class_list":["post-27768","new","type-new","status-publish","format-standard","has-post-thumbnail","hentry","actualitat-categories-premis"],"acf":[],"_links":{"self":[{"href":"https:\/\/apic.cat\/eng\/wp-json\/wp\/v2\/new\/27768","targetHints":{"allow":["GET"]}}],"collection":[{"href":"https:\/\/apic.cat\/eng\/wp-json\/wp\/v2\/new"}],"about":[{"href":"https:\/\/apic.cat\/eng\/wp-json\/wp\/v2\/types\/new"}],"replies":[{"embeddable":true,"href":"https:\/\/apic.cat\/eng\/wp-json\/wp\/v2\/comments?post=27768"}],"version-history":[{"count":2,"href":"https:\/\/apic.cat\/eng\/wp-json\/wp\/v2\/new\/27768\/revisions"}],"predecessor-version":[{"id":27771,"href":"https:\/\/apic.cat\/eng\/wp-json\/wp\/v2\/new\/27768\/revisions\/27771"}],"wp:featuredmedia":[{"embeddable":true,"href":"https:\/\/apic.cat\/eng\/wp-json\/wp\/v2\/media\/27766"}],"wp:attachment":[{"href":"https:\/\/apic.cat\/eng\/wp-json\/wp\/v2\/media?parent=27768"}],"wp:term":[{"taxonomy":"actualitat-categories","embeddable":true,"href":"https:\/\/apic.cat\/eng\/wp-json\/wp\/v2\/actualitat-categories?post=27768"}],"curies":[{"name":"wp","href":"https:\/\/api.w.org\/{rel}","templated":true}]}}

<p>Aitana Giráldez, de l&#8217;escola Serra i Abella, ha estat la guanyadora del Premi Catskills d’il·lustració 2023.</p>



<p>L&#8217;APIC hi ha col·laborat amb la dotació d&#8217;un any de quota de soci gratuïta per la guanyadora i una formacio gratuïta per la guanyadora i les dues finalistes.</p>



<p>El campionat Catskills és un programa del Departament d&#8217;Ensenyament per promoure les competències de l&#8217;alumnat de formació professional de Catalunya.</p>



<p>Felicitats als guardonats i guardonades!</p>



<p><a rel="noreferrer noopener" href="https://acortar.link/97TEkV" target="_blank">Més informació</a></p>

<p>Aitana Giráldez, de l&#8217;escola Serra i Abella, ha estat la guanyadora del Premi Catskills d’il·lustració 2023. L&#8217;APIC hi ha col·laborat amb la dotació d&#8217;un any de quota de soci gratuïta per la guanyadora i una formacio gratuïta per la guanyadora i les dues finalistes. El campionat Catskills és un programa del Departament d&#8217;Ensenyament per promoure [&hellip;]</p>
